= v + 15. List the prime factors of w.
3, 13
Suppose -3*x + 5260 = 2*q, -21*q + 22*q - 4*x = 2641. List the prime factors of q.
2633
Suppose 0 = -3*s + s. Suppose -i = -s*i - 4. Suppose 100 = 2*c - i*r, -2*r + 43 + 3 = c. What are the prime factors of c?
2, 3
Let j(o) = -3*o - 10*o**2 + 5*o**2 + 4 + 6*o**2 + 10*o. What are the prime factors of j(-8)?
2, 3
Let o be 2*(10/(-4))/(-1). Suppose o*c - 4*k = -k + 16, 4*c + k - 23 = 0. Suppose -3*w + 5*g - 15 = -5*w, 0 = 2*w - c*g - 25. What are the prime factors of w?
2, 5
Let v be (-98)/(-4) + (1 + 0)/2. What are the prime factors of (-2 - 1) + 3 + -3 + v?
2, 11
Let x(m) = -2*m**2 - 8*m + 4. Let d be x(-3). Suppose 13*v - 11*v + d = 0. List the prime factors of 5/(v/(-28)) + 4.
2
Suppose f - 5*i = -3*f + 415, -3*i = 5*f - 565. Let o = -14 + f. Let r = o - 65. List the prime factors of r.
31
Let p = 3692 + -282. What are the prime factors of p?
2, 5, 11, 31
Suppose -14*j = -m - 17*j + 177, -2*m + 5*j + 409 = 0. List the prime factors of m.
2, 3
Suppose 3*k = c + 5*k + 68, -4*k = c + 76. Let h = 9 - -5. What are the prime factors of (c/h)/(12/(-84))?
2, 3, 5
Let n(p) = -6*p - 90. Let g be -16 + (-5)/2*12/10. What are the prime factors of n(g)?
2, 3
Let b(x) = 16*x**2 - 41*x - 5. What are the prime factors of b(-7)?
2, 13, 41
Let d(t) = 41*t**2 - 4*t - 45. List the prime factors of d(-5).
2, 5
Let v be (440/24)/((-2)/6*1). List the prime factors of (-1090)/v - 2 - 2/(-11).
2, 3
Let p(k) be the third derivative of 1/6*k**4 - 1/12*k**5 + 0*k + 0 - 1/120*k**6 - k**2 - 4/3*k**3. List the prime factors of p(-6).
2
Let d = -36 + 46. Suppose 0 = -6*z + d*z - 356. List the prime factors of z.
89
Let n(l) = -l**2 - 53*l - 47. What are the prime factors of n(-22)?
5, 127
Let c be (42/(-9) - -2)/((-12)/18). Suppose 2*q + 0 - 82 = -4*m, 0 = -c*q + 20. List the prime factors of m.
2, 3
Let i = -11378 + 16151. What are the prime factors of i?
3, 37, 43
Let b(z) = z + 3. Let r be b(-3). Let l be (3 - r)*(2 + 3). Suppose 4*a = -4*s + 32, 0 = 2*s + 3*a - 2*a - l. What are the prime factors of s?
7
Suppose 0 = -t - 36 + 425. What are the prime factors of t?
389
Let v(g) = -15 - 2*g + 33 - 18. Let q = -6 - -1. List the prime factors of v(q).
2, 5
List the prime factors of ((-13)/4)/((-45)/24120).
2, 13, 67
Let x = -190 - -192. List the prime factors of x.
2
Let f be (-4)/(-8)*2*16. Let m = 16 - f. List the prime factors of 25 - (0 - m - 1).
2, 13
Let s be -8*(0 + (-39)/(-2)). Let k = 269 + s. List the prime factors of k.
113
Let o(t) = -2*t**3 - 39*t**2 - 36*t - 21. What are the prime factors of o(-20)?
7, 157
Let z = 3467 + -2109. What are the prime factors of z?
2, 7, 97
Let k(a) = a**2 - 5*a. Let v be k(6). Suppose 0 = 4*i - 16, -3*t + 9 = -i + 22. Let b = v + t. What are the prime factors of b?
3
Let g(v) = v**2 + 6*v + 14. Let f be g(-5). Let x(r) = 17*r - f*r + 2*r**2 + 6*r + 11 + 0*r**2. List the prime factors of x(-9).
47
Let j = 2817 - 1122. List the prime factors of j.
3, 5, 113
Suppose 317 = v + 4*j, 5*v - 1256 = -4*j + 313. What are the prime factors of v?
313
Suppose -2*p + 12 = 2*p, 4*a - 3855 = 3*p. List the prime factors of a.
2, 3, 7, 23
Let r(t) = -19*t**2 + 7*t - 7. Let k(m) = 3*m**2 - m + 1. Let n(g) = 39*k(g) + 6*r(g). What are the prime factors of n(-5)?
3, 19
Let y be (0 - 1) + 9/3. Let z be (154/33)/(y/6). Suppose 3*s = 7 + z. What are the prime factors of s?
7
Suppose 5326 = 8*x - 90. List the prime factors of x.
677
Suppose 39*d = -4*n + 43*d + 2048, 5*n - d - 2576 = 0. List the prime factors of n.
2, 3, 43
Suppose 3*k = 5*p - 5087, 2*p + 2*k = 3*k + 2034. What are the prime factors of p?
5, 7, 29
Suppose 0 = 5*o - n - 2070 - 454, -o - n = -500. What are the prime factors of o?
2, 3, 7
Let i = -13 + 22. Suppose i = -5*h - 21. Let m(u) = u**3 + 6*u**2 - 3*u - 2. What are the prime factors of m(h)?
2
Let n = -529 + 875. Let s = n + -191. List the prime factors of s.
5, 31
Let o(a) = a**3 - 8*a**2 + 5*a + 18. Let z be o(7). Suppose -2*m - 3*l + 223 - 30 = 0, 486 = 5*m + z*l. List the prime factors of m.
2, 7
Suppose -10*d = -14*d + 4. List the prime factors of 28/(-56)*(-1 + d - 550).
5, 11
Let d(r) = 4*r**2 - 10*r + 20. List the prime factors of d(3).
2, 13
Let s(w) be the first derivative of -2*w**3/3 - w**2 - 4. Let y be s(2). Let l = 16 + y. List the prime factors of l.
2
Let l = 9 + -7. Suppose l*c + 3*c = 500. List the prime factors of c.
2, 5
Suppose 4*t + 3*r + 18 = 5*t, -3*t = 4*r + 11. Suppose -k + t*v = k - 55, 72 = 3*k - v. List the prime factors of k.
23
Let t(i) = -i**3 + 38*i**2 - 33*i + 16. What are the prime factors of t(37)?
2, 41
Let m be (-1043)/(-7) + 1/1. Suppose 4*d - 206 = -z, -m = -6*d + 3*d - 3*z. What are the prime factors of d?
2, 13
Suppose 3*d - 25 = -4*a, 5*a - 2*d = 2*d + 8. Suppose 4*b - 9 = -4*w - 1, 12 = -a*w. Let u(y) = y**2 + 7*y - 10. List the prime factors of u(b).
2, 5
Let j(b) = -b**3 - 28*b - 19. List the prime factors of j(-11).
2, 3, 5
Let o = -20 + 18. Let u be 21 + (-6)/3 - o. Let k = 20 + u. List the prime factors of k.
41
Let q(g) = -g + 1. Let h be q(-2). Suppose 6*b - h*b - 3*p = 42, 16 = 4*p. What are the prime factors of b?
2, 3
Let r(l) = -2*l**3 - 11*l**2 - 9*l - 9. What are the prime factors of r(-9)?
3, 71
Suppose -16*k + 899 = -25325. List the prime factors of k.
11, 149
Let f be 15*3/((-3)/11). Let s be f/(-20) - 1/4. Suppose s = -3*l + 41. What are the prime factors of l?
11
Let j(q) = -410*q - 315. What are the prime factors of j(-5)?
5, 347
What are the prime factors of 15/(-6)*(3063/(-15) + -5)?
523
Let f be 12/8*12/9. Suppose -n = -b - 6*n - 22, -f*b = -4*n - 26. Suppose 3*h - 4*k = 82, -5*h - b*k + 126 = -7*k. What are the prime factors of h?
2, 11
Let j(n) = n**2 + 11*n + 10. Let l be j(9). Suppose 0 = -4*a - 2*g + 780, a + 2*g + g - l = 0. List the prime factors of a.
2, 7
Let b = 25 + 16. Let r be b - (-3 - -5)*-2. Let l = 85 - r. What are the prime factors of l?
2, 5
Suppose -5*k = 2*g - 541, -2*g = -k + 50 - 561. List the prime factors of g.
2, 3, 43
Suppose -6*j = -5*j - 530. What are the prime factors of j?
2, 5, 53
Let t(n) = 2645*n**3 - 2*n**2 - 2*n + 2. What are the prime factors of t(1)?
3, 881
Let m = 942 - -781. List the prime factors of m.
1723
Let l = -7 - -12. Let t(x) = x**3 + 6*x**2 - 2*x + 7. Let o(m) = 2*m**3 + 6*m**2 - 3*m + 7. Let v(k) = -2*o(k) + 3*t(k). List the prime factors of v(l).
2
Let x = 71 + -71. Let h(g) = -g**3 - 2*g**2 - g + 107. What are the prime factors of h(x)?
107
Suppose 0 = j + 2*q - 2409, 3*j - 6918 = -3*q + 297. What are the prime factors of j?
7
Let u(f) = f**3 + 7*f**2 - 13*f - 11. Suppose -22*v + 24*v = -4. Let j be ((-3)/v)/((-3)/16). What are the prime factors of u(j)?
29
Suppose 37*k - 2280 = -2*w + 40*k, -5*w - 4*k = -5700. What are the prime factors of w?
2, 3, 5, 19
Suppose -1280 = 95*t - 63*t. Let l be 0 - (-9 + -2) - 0. What are the prime factors of (t - l)*(-8)/6?
2, 17
Let m(f) be the second derivative of -f**5/20 - 7*f**4/6 - 8*f**3/3 + 7*f**2/2 + 21*f. List the prime factors of m(-13).
2, 23
Let v = -10 - -19. Suppose 5*c = -3*b - v, 5*c = 2*b + 2*c - 13. What are the prime factors of (-93)/(-4) + b/(-8)?
23
Let s = 3794 - 2439. What are the prime factors of s?
5, 271
Suppose 3930 - 10320 = -3*q. Suppose j = 4*j + q. What are the prime factors of 3/5 - j/25?
29
Suppose 5*v + 3*x = 4*x + 601, -363 = -3*v + 3*x. Suppose 3*d - 2*k = d + v, 288 = 5*d - 2*k. List the prime factors of d.
2, 7
List the prime factors of (9 - 17)/(6/(-789)).
2, 263
Suppose -4*d - 4*r + 23 = -9, -28 = -d + 3*r. Let s be 52/(-65)*d*-5. What are the prime factors of s/20 - 3/5?
2
Let l(v) = -v - 1. Let q(z) = 2*z + 3. Suppose 0 = 3*u - 5*a - 23, u - a - 5 = -0*a. Let i(j) = u*q(j) + l(j). What are the prime factors of i(6)?
2
Let u be 4/12*-3 + -30. Let s = 38 + u. What are the prime factors of (-9)/(-63) + 314/s?
3, 5
Let b be (-336)/(-32)*(-8)/6. Let t = 89 + -48. Let j = t + b. List the prime factors of j.
3
Let u = 2411 - 1708. What are the prime factors of u?
19, 37
Let x = -210 - -447. List the prime factors of x.
3, 79
Suppose -4147 = -6*u + 5159. List the prime factors of u.
3, 11, 47
Suppose 2*j = -4*j - 90. Let m = j + 106. What are the prime factors of m?
7, 13
Let j be 13/2*(12 + -10). Sup